((-3)/(153/f)).
2, 17
Suppose 3*k + 8052 = 3*d, 0 = -3*d + 4*k - 6*k + 8032. Let h = -1335 + d. What are the prime factors of h?
5, 269
Suppose -5 = -5*q, 2*y + 13*q - 11*q - 12 = 0. Suppose 9*g = 8*g + c + 16, -y*g - 5*c = -70. List the prime factors of g.
3, 5
Suppose -47*w - 61884 = -83*w. Let q = -1218 + w. What are the prime factors of q?
3, 167
Let i(n) be the second derivative of n**5/60 + n**4/2 + 9*n**3/2 - 8*n**2 + 18*n. Let h(p) be the first derivative of i(p). List the prime factors of h(-16).
7, 13
Suppose -4*h - 2*o = -80976, 3*h - 162*o = -159*o + 60696. What are the prime factors of h?
2, 5, 11, 23
Let l(h) = 3982*h + 4339. What are the prime factors of l(7)?
32213
Let k(h) = -44*h + 20. Let p be k(6). Let r = 494 + p. Suppose 13*c = 8*c + r. What are the prime factors of c?
2, 5
Let a(t) = t**2 - 17*t + 14. Let p be a(16). What are the prime factors of p/11 - (-624)/44?
2, 7
Let d(w) be the first derivative of -83*w**2/2 - 97*w + 223. List the prime factors of d(-13).
2, 491
Suppose 2*x = -4*f + 13130, 3*x - 1695 = -5*f + 17998. List the prime factors of x.
3
Let w = -84750 - -131699. List the prime factors of w.
7, 19, 353
Suppose -z + 26470 = 4*c, 4*c - 5*c = -3*z + 79475. List the prime factors of z.
2, 3, 5, 883
Let q be 104/(3*(-4)/(-18)). Suppose q = 3*c + 4*g - 267, -c + 148 = -g. List the prime factors of c.
5, 29
Let p = -304 - -569. Let f = -24 + p. List the prime factors of f.
241
Let o = 7473 + -4545. What are the prime factors of o?
2, 3, 61
What are the prime factors of (-160622)/(-30) + (-36)/540?
2, 2677
Let s(g) = -5*g**3 + 29*g**2 + 72*g - 4. List the prime factors of s(-15).
2, 7, 797
Suppose 9*i = 11 - 11. Suppose 23*q - 15*q - 9784 = i. What are the prime factors of q?
1223
Suppose 6*u - x = 10*u - 1772, 4*u - 1788 = 3*x. What are the prime factors of u?
2, 3, 37
Let m(a) = 9*a**2 + 8*a - 1. Let j(i) = 3*i**2 - 16*i - 10. Let b be j(7). Let f = 21 - b. What are the prime factors of m(f)?
3, 37
Let t = 17453 - 8627. List the prime factors of t.
2, 3, 1471
Let m = 39 - 40. Let s = 6 + m. Let u(d) = 2*d**2 + 6*d - 2. What are the prime factors of u(s)?
2, 3, 13
Suppose -7*l + 72 = l. Let b be l/((-162)/(-24)) + (-4)/(-6). Suppose -x - d = -108, 2*x - d = b*d + 221. List the prime factors of x.
109
Suppose 191*y - 107321 = 132*y. List the prime factors of y.
17, 107
Suppose 0 = v - 2*y + 670, 2647 = -4*v - 61*y + 58*y. Let k = v + 1532. List the prime factors of k.
2, 7, 31
Let x = 24 + -29. Let u be 0/(x + -4 + 8). Suppose u = 5*a + 20, -2*j + 9 + 199 = -4*a. What are the prime factors of j?
2, 3
List the prime factors of (7 + (-7462 - 10) + 10)/(-3 + 2).
3, 5, 7, 71
Suppose -35841 = -2*i - 3*l, 3*l = -35 + 14. What are the prime factors of i?
3, 43, 139
Suppose 0 = -3*b - 9, z = 5*b + 22 + 3. Suppose -3*y + 7*d = z*d - 2334, -3*d + 774 = y. List the prime factors of y.
2, 3, 5, 13
Let s(l) = 46*l**3 - l**2 + l + 1. Let j be s(1). Let w = j + -42. Suppose -w*h = -0*h - 345. What are the prime factors of h?
3, 23
Let c(b) be the first derivative of 6*b + 1/3*b**3 - 2 + 7*b**2. What are the prime factors of c(-19)?
101
Let w = -705 + 713. Suppose -w*m + 9*m = 1178. List the prime factors of m.
2, 19, 31
Let x = -563 - -573. Let u(l) = 8*l**2 + 23*l + 16. List the prime factors of u(x).
2, 523
Let r be 2/(645/213 + -3). Let f = r + -51. Suppose -20 = -4*a + f. List the prime factors of a.
2, 5
Suppose 0 = x - 5*g + 21, x - 15 = -0*g - 4*g. Let d be 502/(-4)*(x - 3). Suppose 5*o - 3*b - d = 0, -2*o + 4*b - 206 = -4*o. What are the prime factors of o?
101
Let q(d) = -4*d**2 + 0 + 6*d - 9*d - 12*d**3 - 1. Let g be q(-1). List the prime factors of 16/(-40) - (-554)/g.
5, 11
Let g(k) be the third derivative of k**5/3 - k**4/2 - 18*k**3 - 11*k**2 - 11*k. What are the prime factors of g(-6)?
2, 3, 19
Let o(b) = 2*b + 15. Let c(h) = 2*h**2 - 5*h - 11. Let l be c(5). Suppose -y + l = 20. List the prime factors of o(y).
3
Suppose -n + 14202 = 12*l - 9*l, 5*l + n = 23668. List the prime factors of l.
4733
Let l(w) = -w**3 + 19*w**2 - 6*w + 79. Let z be l(19). What are the prime factors of 355*(-42)/z - 0?
2, 3, 71
Suppose -2463*t + 43290 = -2448*t. List the prime factors of t.
2, 3, 13, 37
List the prime factors of (-132009)/(-15) + (1 - (-4)/((-140)/21)).
13, 677
Let d(l) = -11*l - 30. Let w be d(-4). Let a = w - -20. Suppose a = 3*o - 239. What are the prime factors of o?
7, 13
Let d be 16/(-6)*9*20/(-30). Suppose -d*n = -15*n - 4*m - 514, -2474 = -5*n - 4*m. List the prime factors of n.
2, 3, 83
Let f be 2*3 + (-2)/4*4. Suppose f*r = -4*u + 296, 3*r + 2*r - 378 = 3*u. Suppose -5*c + r = -10. List the prime factors of c.
17
Suppose 0 = -6*a + 2*a - 12. Let x(t) = t**2 + 8*t + 4. Let p be x(-5). What are the prime factors of (-1 - (a + 1 + p))/2?
2, 3
Let l(d) = 13*d**2 + 36*d + 9. Let k be l(-3). Suppose -21*f + k*f = -2355. List the prime factors of f.
5, 157
Suppose 0 = -36*a - 8*a - 484. Let f(u) = -6*u - 29 + 3*u - 4*u. What are the prime factors of f(a)?
2, 3
What are the prime factors of ((-8)/(160/145))/(3/(-1956))?
29, 163
Suppose -h - y = -15439, 0 = -h + 919*y - 914*y + 15403. List the prime factors of h.
11, 23, 61
Suppose -293929 = -5*o + 5*m + 108951, o - 80600 = 4*m. What are the prime factors of o?
2, 3, 373
Let d = 37631 + 21053. What are the prime factors of d?
2, 17, 863
Let t(y) = 3*y - 47. Let l be t(9). Let d(k) = 2*k**2 + k - 12. List the prime factors of d(l).
2, 3
Let h(o) = 46*o**2 - 4*o + 16. What are the prime factors of h(7)?
2, 19, 59
Let b be (0 + -4 + 3 - -4) + -85. Let v = b + 82. List the prime factors of (4/3 + v)/((-7)/(-546)).
2, 13
List the prime factors of (-384)/(-720) + (-2)/10 - (-94368)/18.
7, 107
Suppose -10*b + 24 = -2*b. What are the prime factors of (17 + b)*(-182)/(-8)?
5, 7, 13
Let c be ((-8)/(-8))/(((-8)/(-10))/4). Suppose 3*o = c*j + 595, 3*o = 7*o + j - 824. Suppose 51 - o = -2*m. What are the prime factors of m?
7, 11
Let f(n) = 11*n - 53. Let b be 2/(-9)*3 - (-337)/(-3). Let z = b - -129. What are the prime factors of f(z)?
3, 41
Let y = 65 + -8. Suppose 0 = -61*u + y*u + 12. Suppose u*z - 1088 = -z. What are the prime factors of z?
2, 17
Suppose 5*o - 20 = 0, 0 = 6*l - 2*l - 3*o - 360. Let r = -930 - -1005. Let i = l - r. What are the prime factors of i?
2, 3
Let n = -708 - -1047. Suppose 0 = -3*q + b + 351, 0 = -9*q + 6*q - 3*b + n. What are the prime factors of q?
2, 29
Let s(o) = 927*o - 2092. List the prime factors of s(21).
5, 139
Suppose 46*d + 10680 = 51*d. Let i = 14 + -32. List the prime factors of 2/6 - (d/i - -5).
2, 3, 19
Let s(u) = 4*u**2 - 10*u + 42. Let t(q) = -q**2 - 5*q + 78. Let n be t(-11). List the prime factors of s(n).
2, 3, 83
Let n(t) = -108*t + 19. Suppose 22 = -3*g + 1. What are the prime factors of n(g)?
5, 31
Suppose 5*n + 24 = n. Let z be -2*(-3)/(-18) - (-16)/n. List the prime factors of 78 + -1 - (-5 - (z + -1)).
2, 3, 13
Let a = -22363 - -39794. Suppose -27*j + 19856 + a = 0. What are the prime factors of j?
1381
Let l(t) = 29*t**2 + 30*t**2 - 19*t - 4*t**3 - 54*t**2 + 3*t - t - 10. What are the prime factors of l(-6)?
2, 71
Let r be (((-88416)/(-27))/16)/(4/150). Suppose l + r = 5*q, -q + l = -0*l - 1535. What are the prime factors of q?
5, 307
Let z be 4*(-4 - 21/(-4)) + -3. Suppose a - 5*b = -4*b + 458, -z = 2*b. What are the prime factors of a?
457
Suppose 11*v + 41*v = 385075 + 673073. What are the prime factors of v?
3, 7, 17, 19
Suppose -30*l + 11 = -49. Let m(t) = 370*t**2 - 2*t + 1. What are the prime factors of m(l)?
7, 211
Suppose -24*v = -57004 - 120140. What are the prime factors of v?
11, 61
Suppose -25688 = 52*c - 51588 - 251832. List the prime factors of c.
7, 109
List the prime factors of ((-8)/24*2690)/((-2)/9).
3, 5, 269
Suppose 16 + 35 = 3*w. Let g be (-1 - -1)/((-34)/w). Suppose -58 = -g*f - f. List the prime factors of f.
2, 29
Let l be 1 + 6 - (-2 + 2). Suppose -1547 = -4*h - l*a + 2*a, 5*h - a - 1912 = 0. Suppose -q + h = 2*x, 188 = -2*x + q + 561. List the prime factors of x.
3, 7
Let r(d) = 2*d**3 - 11*d**2 + 7*d - 7. Let q be r(5). Suppose k - j - q = -1, k - 2*j - 4 = 0. Suppose k*h = -6*h + 132. What are the prime factors of h?
2, 11
List the prime factors of -1*(-6503)/(-4)*(-15 + 11).
7, 929
Suppose 5